2.
2, 7293073
What are the prime factors of 2464791311?
19571, 125941
What are the prime factors of 94435797?
3, 31478599
List the prime factors of 3309782747.
3637, 910031
What are the prime factors of 34541895?
3, 5, 2302793
What are the prime factors of 9174064?
2, 573379
List the prime factors of 79471461.
3, 26490487
List the prime factors of 12169007.
1249, 9743
List the prime factors of 3041531761.
17, 19, 421, 22367
List the prime factors of 1319025975.
3, 5, 31, 567323
List the prime factors of 118282322.
2, 223, 265207
What are the prime factors of 17776607?
17776607
List the prime factors of 515199001.
515199001
List the prime factors of 263176627.
7, 37596661
What are the prime factors of 674364785?
5, 134872957
What are the prime factors of 121808257?
53, 277, 8297
What are the prime factors of 273157629?
3, 43, 2117501
List the prime factors of 259692973.
37, 83, 103, 821
What are the prime factors of 10090243?
2269, 4447
List the prime factors of 1527160962.
2, 3, 1123, 226649
List the prime factors of 265380768.
2, 3, 439, 2099
What are the prime factors of 2074283963?
2074283963
What are the prime factors of 771339364?
2, 2957, 65213
What are the prime factors of 62145067?
19, 172147
What are the prime factors of 251885148?
2, 3, 157, 133697
List the prime factors of 3305995136.
2, 19, 1359373
List the prime factors of 207103768.
2, 25887971
List the prime factors of 1415519627.
19, 103, 38069
List the prime factors of 2729649648.
2, 3, 11, 263, 1787
List the prime factors of 2735736.
2, 3, 113989
What are the prime factors of 38156020?
2, 5, 7, 449, 607
What are the prime factors of 2147748177?
3, 229, 1109, 2819
List the prime factors of 148476457.
41, 103, 35159
List the prime factors of 354824635.
5, 11, 37, 131
List the prime factors of 2243054746.
2, 113, 9925021
What are the prime factors of 767913284?
2, 109, 139, 12671
List the prime factors of 1941991296.
2, 3, 7, 722467
List the prime factors of 78547018.
2, 11, 3570319
List the prime factors of 2271586732.
2, 37, 15348559
List the prime factors of 47916150.
2, 3, 5, 319441
What are the prime factors of 110958641?
31, 167, 21433
What are the prime factors of 2034264?
2, 3, 84761
List the prime factors of 2783378056.
2, 3907, 89051
List the prime factors of 3768234468.
2, 3, 10567, 29717
What are the prime factors of 704373822?
2, 3, 39131879
What are the prime factors of 169094547?
3, 19, 109873
What are the prime factors of 92369112?
2, 3, 11, 439, 797
What are the prime factors of 4767940889?
30259, 157571
List the prime factors of 132769598.
2, 13, 29, 176087
What are the prime factors of 4427957476?
2, 1709, 647741
What are the prime factors of 437671193?
71, 6164383
List the prime factors of 329679820.
2, 5, 3677, 4483
List the prime factors of 106436038.
2, 53218019
What are the prime factors of 1181868733?
1181868733
List the prime factors of 615839106.
2, 3, 41, 181, 13831
List the prime factors of 43092150.
2, 3, 5, 287281
List the prime factors of 54801353.
17, 331, 9739
What are the prime factors of 1735223201?
17, 23, 4437911
List the prime factors of 45981015.
3, 5, 3065401
What are the prime factors of 354055882?
2, 23, 7696867
List the prime factors of 480720351.
3, 131, 1223207
What are the prime factors of 1486245981?
3, 11, 53, 593, 1433
What are the prime factors of 2790076718?
2, 11, 13, 29, 336397
What are the prime factors of 49409442?
2, 3, 2744969
List the prime factors of 4560482134.
2, 13, 73, 163, 14741
List the prime factors of 7028912.
2, 11, 39937
What are the prime factors of 4639652492?
2, 1159913123
What are the prime factors of 22383730?
2, 5, 17, 353, 373
List the prime factors of 24093786.
2, 3, 19, 211349
What are the prime factors of 1730925766?
2, 23, 37628821
What are the prime factors of 1032216581?
11, 93837871
What are the prime factors of 24196410?
2, 3, 5, 7, 193, 199
What are the prime factors of 139435942?
2, 479, 145549
What are the prime factors of 216411852?
2, 3, 383, 47087
What are the prime factors of 82096664?
2, 13, 789391
What are the prime factors of 344184416?
2, 10755763
List the prime factors of 1299115053.
3, 41, 163, 21599
List the prime factors of 25810765.
5, 449, 11497
What are the prime factors of 2268498593?
251, 9037843
List the prime factors of 1187552133.
3, 131950237
What are the prime factors of 32271735?
3, 5, 107, 20107
What are the prime factors of 63660258?
2, 3, 3536681
What are the prime factors of 979328577?
3, 461, 708119
What are the prime factors of 255443885?
5, 19, 2688883
List the prime factors of 828341766.
2, 3, 7, 43, 21841
List the prime factors of 215823594.
2, 3, 7, 5138657
List the prime factors of 4023243358.
2, 17, 251, 293, 1609
What are the prime factors of 3290779226?
2, 7, 235055659
List the prime factors of 48176417.
53, 67, 13567
What are the prime factors of 2145460?
2, 5, 107273
List the prime factors of 977374728.
2, 3, 11, 41, 79, 127
What are the prime factors of 1959442269?
3, 67, 9748469
What are the prime factors of 519655101?
3, 7, 24745481
What are the prime factors of 218715728?
2, 7, 11, 16139
List the prime factors of 542818969.
7, 11, 7049597
What are the prime factors of 43336472?
2, 37, 146407
List the prime factors of 2288354928.
2, 3, 47674061
List the prime factors of 889776994.
2, 59, 313, 24091
What are the prime factors of 48699870?
2, 3, 5, 337, 4817
What are the prime factors of 88443022?
2, 193, 229127
What are the prime factors of 39092977?
7, 11, 43, 11807
List the prime factors of 280219092.
2, 3, 17, 41, 33503
What are the prime factors of 13777933?
13, 53, 19997
What are the prime factors of 679604680?
2, 5, 43, 395119
What are the prime factors of 84106511?
84106511
List the prime factors of 100395282.
2, 3, 13, 37, 43, 809
What are the prime factors of 182201000?
2, 5, 182201
List the prime factors of 45275264.
2, 29, 12197
What are the prime factors of 21437341?
89, 240869
What are the prime factors of 458882698?
2, 2029, 113081
What are the prime factors of 1160557120?
2, 5, 3626741
List the prime factors of 22615998.
2, 3, 29, 59, 2203
What are the prime factors of 4305947384?
2, 538243423
List the prime factors of 29106713.
251, 115963
What are the prime factors of 214312378?
2, 7, 29, 73, 1033
What are the prime factors of 231261826?
2, 23, 43, 2719
List the prime factors of 135657121.
1297, 104593
What are the prime factors of 78675875?
5, 37, 17011
List the prime factors of 628625421.
3, 53, 271, 1621
List the prime factors of 316827494.
2, 29, 179, 30517
What are the prime factors of 4200263621?
53, 79250257
What are the prime factors of 100852231?
100852231
What are the prime factors of 687035545?
5, 7, 19629587
List the prime factors of 166607876.
2, 41651969
What are the prime factors of 421074183?
3, 140358061
What are the prime factors of 1453143946?
2, 726571973
List the prime factors of 34748695.
5, 863, 8053
List the prime factors of 3112105178.
2, 7, 13, 2221, 7699
What are the prime factors of 1227952713?
3, 13, 29, 83, 103, 127
List the prime factors of 163629368.
2, 7, 19, 29, 5303
What are the prime factors of 1231666595?
5, 59, 4175141
What are the prime factors of 1117452534?
2, 3, 11, 17, 29, 61, 563
What are the prime factors of 520871312?
2, 13, 2504189
List the prime factors of 147553026.
2, 3, 1171, 21001
List the prime factors of 114655349.
59, 1943311
What are the prime factors of 657836605?
5, 5167, 25463
What are the prime factors of 338062632?
2, 3, 239, 58937
What are the prime factors of 3392554623?
3, 73, 15491117
List the prime factors of 105151309.
105151309
What are the prime factors of 54157563?
3, 17, 307, 1153
What are the prime factors of 24669063?
3, 499, 1831
What are the prime factors of 23363234?
2, 293, 39869
What are the prime factors of 142430474?
2, 41, 379, 4583
What are the prime factors of 3240497325?
3, 5, 13, 197, 16871
What are the prime factors of 734125255?
5, 11257, 13043
What are the prime factors of 1809151690?
2, 5, 19, 9521851
List the prime factors of 51245774.
2, 19, 1348573
What are the prime factors of 1238669015?
5, 31, 229, 34897
What are the prime factors of 40299114?
2, 3, 19, 353501
What are the prime factors of 1340238049?
1340238049
List the prime factors of